**2 - 24*l + 181. Calculate the remainder when 1121 is divided by w(5).
3
Let p(i) = 3*i**2 - 2*i - 2. Let t(u) = -u**3 + 59*u**2 + 63*u - 21. What is the remainder when t(60) is divided by p(2)?
3
Suppose 0 = 12*t - 14*t - 10, -2*t = -3*d + 23407. Calculate the remainder when d is divided by 10.
9
Suppose 0 = -q + 2*q - 57. Suppose j - 9*l + 10 = -4*l, 0 = -4*j - 3*l + 29. What is the remainder when q is divided by (3/(-6))/(j/(-290))?
28
Let n(i) = -16*i**2 - 1081*i + 67. Calculate the remainder when n(-66) is divided by 5.
2
Let g = -9137 + 9219. What is the remainder when 2623 is divided by g?
81
Let w(b) = -191*b + 8. Let d be w(-1). Let f = 287 - d. What is the remainder when f is divided by 48?
40
Let n = -152 - -217. Suppose -12*v - 160*v = -15*v - 19311. What is the remainder when v is divided by n?
58
Suppose 9546 = 90*b - 4*b. What is the remainder when b is divided by (15 - -99)*2/6 - 2?
3
Suppose -5*l - 4*a + 811 = 0, -a + 179 = l + 4*a. Let d be 1 + 3 + (31/1 - 3). Suppose 0 = 54*w - 55*w + d. What is the remainder when l is divided by w?
31
Suppose -11*v - 139 + 629 - 314 = 0. What is the remainder when 104 is divided by v?
8
Let h(q) = -q**3 - q - 7. Let v be h(-2). Suppose -44 = -2*n - 4*u, -3*n + v*u = -u - 106. Calculate the remainder when 144 is divided by n.
24
Calculate the remainder when (4 - 3) + (181 - -2) is divided by 109/3 - ((-8)/3)/4.
36
Let b = -2081 + 2390. Calculate the remainder when b is divided by 301.
8
Suppose 5*q + 6*u + 5 = u, 3*q - 2*u + 3 = 0. Let y(j) = -j**2 + 20*j - 35. What is the remainder when y(8) is divided by (-93)/(-6)*(-2)/q?
30
Let v(f) = -6*f**3 - 3*f**2. Let o = 399 + -378. Suppose 0 = o*d - 230 + 20. What is the remainder when v(-2) is divided by d?
6
Let m(y) = -y**2 - 27*y + 13. Let z = 83 - 79. Calculate the remainder when m(-12) is divided by 49*1/(-2)*(z + -6).
46
Suppose 4*r = j + 1204 - 126, 2*j = 5*r - 1346. Suppose -3*h = 2*b - 145, 4*b - r = -6*h + 4*h. What is the remainder when 149 is divided by b?
19
Let z(b) = 172*b + 2652. Calculate the remainder when 208 is divided by z(-15).
64
Calculate the remainder when 5290 is divided by 936/52 - -49*1.
64
Let z be (-30)/(-9) - (3 - (-8)/(-3)). Suppose 5*w - 10 = 0, -z*w - 61 = -4*y + 41. Calculate the remainder when 104 is divided by y.
23
Calculate the remainder when 289 + 9/(90/(-50)) is divided by (45/(-3))/(-1) + (-7 - -5).
11
Let r(w) = -6 - 4 + 9*w**2 - 9*w - w**3 + 16*w. Let j be r(8). Suppose -j = -5*u + 4*q, -2*q + 7*q + 61 = 2*u. What is the remainder when u is divided by 10?
8
Let m(z) = -z**3 + 2*z**2 - 1. Let h be m(-1). Let r be (12/(-36))/(h/(-30)). Calculate the remainder when 105 is divided by 37 - 1 - (30/r + -6).
33
Suppose -5*q + 2187 = 164*q - 88*q. Suppose 0 = -5*k + 156 + 29. Calculate the remainder when k is divided by q.
10
Suppose 102*t - 106*t - 5*q + 10444 = 0, -3*q = t - 2597. What is the remainder when t is divided by 239?
231
Suppose -2*p + 24 = 2*p. Suppose -66 = z - p*z - 3*i, 2*i + 56 = 5*z. Let l = -10757 + 10760. Calculate the remainder when z is divided by l.
0
Suppose 2 = -4*h - 6. Calculate the remainder when 8/24 + (6292/(-33))/(-13) is divided by (-1)/h*(-18)/(-1).
6
Let f(z) = -z**2 + 8*z - 7. Let k be f(6). Suppose k*p - x = 125, p - 2*x - 68 = -2*p. Calculate the remainder when (-372)/(-5) + 132/(-330) is divided by p.
22
Suppose 24 - 6 = 3*l. Let h(z) = -z**3 + 7*z**2 + 8*z + 2. Let w = -367 - -398. What is the remainder when h(l) is divided by w?
24
Let x = -2398 - -2862. What is the remainder when x is divided by 179?
106
Suppose 32980 = 82*q + 42*q + 1980. Calculate the remainder when q is divided by 9.
7
Let g be (1 - (1 - 0))/1 - -2. Let y(o) = -80*o**g - 3*o + o**3 + 40*o**2 - 1 + 41*o**2. Calculate the remainder when 75 is divided by y(3).
23
Let i(g) = -4*g**2 + 24*g - 20. Let k be i(5). Suppose -2*h + n = -45, k = 5*h - 7*n + 8*n - 116. What is the remainder when 33 is divided by h?
10
Let h(x) = -x**3 - 17*x**2 - 9*x - 46. Let q be h(-17). Let f = -92 + q. What is the remainder when 142 is divided by f?
7
Suppose 2007 = 5*h - 428. Suppose 0 = -6*f + h + 839. Calculate the remainder when f is divided by 32.
29
Suppose -c - y = -76, 371 - 57 = 4*c + 2*y. What is the remainder when 220 is divided by c?
58
Suppose -25*i + 26 - 53 = -402. Calculate the remainder when 496 is divided by i.
1
Let d be (0 - -2) + 1 - -1. Calculate the remainder when (95 - 167)*(-1)/3 is divided by 2*d/(8/9).
6
Let r(h) = h**3 + 19*h**2 - 22*h - 34. Let q be r(-20). Suppose -140 = 2*i - q*i. Calculate the remainder when i is divided by 6.
5
Let p be ((-6)/(-36)*-20)/((-6)/(-405)). Let s = p - -243. Calculate the remainder when 268 is divided by s.
16
Let j = 770 - 772. What is the remainder when (j/5)/((-6)/5670*3) is divided by 61?
4
Let a(q) be the third derivative of 1/20*q**5 - 29*q**2 + 1/8*q**4 + 0 + 11/6*q**3 + 0*q. Calculate the remainder when a(4) is divided by 18.
17
Let j be 2/18 - (-31632)/108. Suppose 8*t = 3*t - 1030. Let x = t + j. What is the remainder when x is divided by 18?
15
Let a(w) = 4*w**2 - 7*w + 6. Let b be a(1). Suppose -30*i + 27*i = -2*m + 185, -b*m - 3*i = -270. What is the remainder when m is divided by 30?
1
Suppose 120*j - 298*j = 85389 - 344023. What is the remainder when j is divided by 18?
13
Suppose 158 = 5*r + 43. Calculate the remainder when (-120)/540 - 3/((-54)/724) is divided by r.
17
Suppose -38*y = -1311 - 714 - 1433. Calculate the remainder when 711 is divided by y.
74
Suppose w + 180 - 173 = 0. What is the remainder when 116 is divided by (-3)/6*w*(-80)/(-14)?
16
Suppose 3*k = 9*k. Suppose -2*a - 6*a = -1536. Suppose 15*q - a - 663 = k. What is the remainder when q is divided by 5?
2
What is the remainder when 1112 is divided by ((-3)/96*-72)/(3/52)?
20
Suppose -14*a + 5 = -23. Suppose -4*s + 232 = -3*p, -265 = -4*s - a*p - 13. Calculate the remainder when s is divided by 16.
13
Let a = -380 - -404. Let q(r) = -r**2 + 20*r + 180. Calculate the remainder when q(a) is divided by (0 - -1) + 42/1.
41
Let u = 2662 + -691. Calculate the remainder when u is divided by 115.
16
Suppose -2*v + 7*v - 25 = 0. Suppose 0 = -8*n + v*n + 6. Suppose -94 = -14*o + 18. What is the remainder when o is divided by n?
0
Let l(w) = 178*w - 496. Calculate the remainder when 1591 is divided by l(3).
33
Let o(c) = -787*c - 5442. Calculate the remainder when o(-7) is divided by 34 + 0 + 1 - -1.
31
Let f = 4217 - 4159. What is the remainder when 129 is divided by f?
13
Let r = 38 - 14. Let c = 3284 - 3274. Suppose -c*o + 13*o = r. Calculate the remainder when 23 is divided by o.
7
Let a(m) = 35*m**2 - 125*m - 23. What is the remainder when a(7) is divided by 71?
36
Suppose 13*x = 21 + 83. Suppose 0*w + 3*v = 2*w - 1, -5*v - 8 = 3*w. Calculate the remainder when w - 62/(2 + -4) is divided by x.
6
Suppose 4*a = 84 - 32. Suppose -5*u = 2*v + a - 187, u - 4*v - 26 = 0. What is the remainder when 49 is divided by u?
15
Let a(l) = -3*l**2. Let r be a(-2). Let g(s) = -14 + 29 - 2*s - 13 - 15. Calculate the remainder when g(r) is divided by 5.
1
Suppose 0 = -34*g + 30*g + 9*g - 5205. Calculate the remainder when g is divided by 31.
18
Suppose -4*z - 4 = -0, -5*z - 2397 = -4*x. Suppose -x*i = -604*i + 150. What is the remainder when ((-4)/(-8))/(1/98) is divided by i?
24
Calculate the remainder when (-20)/8 + 81741/66 is divided by 176.
4
Suppose -2*d + 472 = -4*y, y = 2*d - 70 - 384. Calculate the remainder when d is divided by 17.
3
Suppose c + m = 346, 2*m = 41 - 49. What is the remainder when 1073 is divided by c?
23
Suppose 118*a = 113*a + 4*y + 86, 5*a = -3*y + 128. Calculate the remainder when 7539 is divided by a.
15
Suppose 9*m + 9367 = 28*m. Let o = m + -480. What is the remainder when 177 is divided by o?
8
Calculate the remainder when (-147033)/(-1116) + -2*(-1)/8 is divided by 10.
2
Suppose 3*y - 1412 = -4*o, o - 4*y - 418 = -84. Suppose -4*w = -o - 606. Calculate the remainder when w is divided by 60.
59
Suppose -7*o + 5*o + 6 = 0. Let l be (2/o)/((-4)/(-1*24)). What is the remainder when 199/l - (-2)/8*1 is divided by 18?
14
Let n = 8411 + -8315. Calculate the remainder when n is divided by 56.
40
Suppose c - 277 = 3*l, -13*l + 291 = c - 9*l. What is the remainder when c is div